= 0, -2*g = -3*n + 20080. What is the units digit of n?
6
Let z = 33051 + -22536. What is the ten thousands digit of z?
1
Suppose -4*p - w + 119208 = 0, -10*p = -13*p - 21*w + 89487. What is the ten thousands digit of p?
2
Let r = -180 + 198. What is the tens digit of 7/((-21)/(-54))*r?
2
Let f(d) = -1568*d + 288. What is the thousands digit of f(-22)?
4
Suppose 7*a - 8956 - 30755 = 0. What is the units digit of a?
3
Let o be -1 + 1/2 + (-725)/(-58). What is the units digit of 4425/45 + (-16)/o?
7
Let q be 190/76 - (-1742)/4. Suppose 4*j + q = 2*y, y - j - 216 = -0*y. What is the hundreds digit of y?
2
Suppose 0 = 15*b - 17*b + 402. Suppose -b = -3*z + 1158. Suppose 11*k - 8*k = z. What is the tens digit of k?
5
Let h(n) be the third derivative of -n**6/120 + n**5/12 + n**3/2 - n**2. Let x be h(5). Suppose q - 2*o + o = 147, 459 = x*q + 3*o. What is the tens digit of q?
5
Suppose l + 1117 = 4*n + 6000, 5*l - 4*n - 24463 = 0. What is the tens digit of l?
9
Let d(n) be the third derivative of -n**6/120 - 2*n**5/15 + n**4/3 - 2*n**3 - 11*n**2. Let b be d(-9). What is the hundreds digit of (b/(3 - 0))/(5/(-1025))?
2
Suppose -3 = 2*h + v - 19, 16 = 2*h - 2*v. What is the units digit of (h/(-7))/4 - (-3173)/7?
3
Let y = -4 - -4. Suppose 7*x - 12*x - 195 = y. What is the tens digit of (-6)/x - (-323)/13?
2
Let o(g) = -5*g + 26*g**2 + 2*g + 0 - g - 13*g - 42. What is the hundreds digit of o(8)?
4
What is the units digit of (-58)/696 - -74*2559/72?
0
Suppose 13*a + 268 = 14*a - 4*n, -1430 = -5*a + 2*n. Let f = -178 + a. What is the tens digit of f?
1
Suppose -7*z + 11967 = -8613. Suppose z = 2*c + 4*c. What is the units digit of c?
0
Let g(i) = -4*i + 49. Let r be g(10). Suppose 0 = r*k - 255 - 3021. What is the units digit of k?
4
Suppose 6*l = 11*l - 4*n - 483231, 8*n - 290001 = -3*l. What is the ten thousands digit of l?
9
Let o = -49 - -62. Let y = -4 + o. What is the units digit of y/3 - (-69 - -3)?
9
Suppose 3*u = -5*g + 49027, 38*g - 35*g - 2*u - 29439 = 0. What is the hundreds digit of g?
8
Let v be 56 - (0/3 + -1). Let c = v + -51. What is the tens digit of -30*(c/(-28) - (-2)/(-7))?
1
Suppose 0 = -6*u - 25117 - 26153. Let d be (-1)/(-6) + 1/((-30)/u). Suppose -v - v = n - 63, -4*n = -3*v - d. What is the tens digit of n?
6
Let l(t) = t**2 - 41*t + 159. Let c be l(37). Let u(p) = p**3 - 13*p**2 + 39*p - 11. What is the tens digit of u(c)?
7
Let n be (-3)/(-2) - (-14)/4. Let i be n/(-5)*(-2 - 0). Suppose -b - 2*m = i*b - 365, -m = -b + 115. What is the tens digit of b?
1
Let y(s) = 381*s - 2995. What is the thousands digit of y(19)?
4
Let u be 1/4 - 3333/(-12). Suppose -u - 768 = -2*w. What is the tens digit of w?
2
Suppose i - 4 = 117. Suppose 0 = -2*u + 3*y + i, 6*u = u + 2*y + 308. What is the units digit of u?
2
Suppose 3*n = 6*n + 2*n. Suppose -5*g + 1359 + 115 = 3*k, 2*k + 4*g - 982 = n. What is the units digit of k?
3
Let s = 25 - -3. Let f = 27 - s. What is the tens digit of -42*(1 + -2) + (-1 - f)?
4
Let l(d) = 156*d**2 - 130*d + 168. What is the tens digit of l(-19)?
5
Let q = -517 + 1051. What is the tens digit of 4/6*1/2*q?
7
Suppose -5*l = x - 12, 8*l + 15 = 12*l - x. Suppose l*g - 3 = 3. What is the units digit of g?
2
Let g = -176 - -174. Let h be 78/10 - 4/(-20). Let w = h + g. What is the units digit of w?
6
Let m(g) = 15*g - 111. Let k be 14/(-7)*(-3 - -2)*7. What is the tens digit of m(k)?
9
Let m(l) = -l**3 + 20*l**2 + 47*l + 2. Let y be m(22). Let c = 118 - y. What is the units digit of c?
0
Let p = -139 - -141. Suppose 0 = -j - p + 88. What is the units digit of j?
6
Let l(v) = 3*v**3 - 33*v**2 - 6*v - 168. Let j(k) = 2*k**3 - 16*k**2 - 3*k - 84. Let t(u) = -5*j(u) + 3*l(u). What is the tens digit of t(-21)?
6
Let f = 8859 + -6066. What is the tens digit of f?
9
Let w(d) = 24*d**2 + 16*d - 388. What is the units digit of w(-19)?
2
Suppose 80 = 7*g - 2*g - 5*h, 0 = 2*h + 6. Let r(m) = 37*m - 28. What is the tens digit of r(g)?
5
Suppose -7*h = -5*w - 10*h + 22, -h + 24 = 5*w. Suppose 4*z - w*r = 4721, -r + 12 = 3*r. What is the thousands digit of z?
1
Let p be 1318*(1 - ((-14)/(-4) + -1)). Let j = p - -2913. What is the hundreds digit of j?
9
What is the tens digit of 20*(7 + 26424/60)?
4
Suppose 5*i - x = 4737, 4*x + 2849 = 6*i - 3*i. Suppose i = p - 3*g, 1030 = 5*p - 5*g - 3705. What is the tens digit of p?
4
Suppose 0*a - 13*a + 4*a = -409950. What is the tens digit of a?
5
Let g(f) = -4117*f - 3405. What is the tens digit of g(-15)?
5
Let j = 562 - 554. Let a(g) = 28*g + 50. What is the hundreds digit of a(j)?
2
Suppose -17*f + 67746 = 6*f + 17422. What is the units digit of f?
8
Suppose -h = -2*h + 2. Suppose -x = 3*p - 623, -h*p = 4*x - 4*p - 2478. What is the tens digit of x?
2
Suppose 0 = 3*r - 104 - 106. Let w = r - 70. Suppose w = 2*s - 331 + 89. What is the tens digit of s?
2
Suppose i + h + 0*h - 3 = 0, 5*h = 2*i - 6. Suppose 4*r = x - 27, -7 = -3*x + i*r + 29. Let m = 42 - x. What is the tens digit of m?
3
Let v(u) = -2 + 29*u - 7 + u**2 - 21*u. Let k be v(-9). Suppose -4*m + 313 + 75 = k. What is the tens digit of m?
9
Suppose -5*h + 3319 = 3*t, 3*h = -2*t - 2*h + 2216. Let u = -777 + t. What is the hundreds digit of u?
3
Let t(z) = 83*z**2 - 19*z + 5. What is the ten thousands digit of t(-19)?
3
Suppose 0 = 2*r + 212 - 12. Let i be ((-12)/3)/((-5)/r). Let m = i + 134. What is the units digit of m?
4
Let w = 122 + -26. Let q = 24 + -40. Let z = q + w. What is the units digit of z?
0
Let l = 14 - 14. Let m = l - -39. What is the hundreds digit of m/26*334/3?
1
Let s be (-10278)/4*(-12)/9. Suppose 6*i + 312 = s. Suppose -u + 4*q + 35 = -78, -5*u + i = 3*q. What is the tens digit of u?
0
Let j(t) = t**3 + 46*t**2 + 81*t + 255. What is the hundreds digit of j(-33)?
7
Suppose -p + 12510 = p - 5*x, -2*x - 6258 = -p. What is the units digit of p?
0
Let s(h) = 1 - 2*h**2 + 6*h - 4*h - 47*h + h. Let a be s(-22). What is the hundreds digit of ((-1070)/20)/(a/(-2))?
1
Suppose z - 2*z = 2*z. Suppose z = -19*i + 16*i + 243. What is the units digit of i?
1
Suppose 132*k - 4317725 = -88181. What is the units digit of k?
2
Let j = 453 - 447. Let o(y) = 2*y**2 - 6*y + 6. What is the units digit of o(j)?
2
Suppose 0 = -5*m - p - 260, 4*p + 0*p = -m - 33. Let i = 255 + m. What is the units digit of i?
2
Let k = 348 - 344. Suppose -616 = -g - 5*s, 643 = 5*g - k*g - 4*s. What is the units digit of g?
1
Suppose 109*k - 2990502 = -147*k + 50*k. What is the units digit of k?
7
Let p = -427 - -425. What is the units digit of p + 19/9 - (-231778)/153?
5
Let h = -4001 + 5427. What is the units digit of h?
6
Let a(h) be the third derivative of -h**5/60 + h**4/6 + 10*h**3/3 + 21*h**2. Let i be a(8). What is the tens digit of 3*(-8)/i + 82?
8
Let d = -227 + 227. Suppose w - 78 - 260 = d. What is the tens digit of w?
3
Suppose -2*y - 2*a + 20866 = 0, -14*y - 5*a = -18*y + 41777. What is the thousands digit of y?
0
Let l(q) = 6437*q - 374. What is the units digit of l(3)?
7
Suppose -9*w + 54 = -36*w. What is the units digit of 6/(-3)*197/w?
7
Let g(h) = -h**3 + 28*h**2 - 125*h + 566. What is the units digit of g(21)?
8
Let a = -33 + -35. Let j = a + 57. Let z(p) = -p**3 - 8*p**2 + 25*p + 11. What is the units digit of z(j)?
9
Suppose 3*t - 5*x - 295 = 0, -4*t + 0*t + 365 = -x. Let s = t + 225. What is the units digit of s?
5
Suppose 105936 = -33*p + 376041. What is the tens digit of p?
8
Suppose -5*j - 5 = 5*s, -5*j + s + 1 = -j. Suppose j*q - 3*q - 3 = 0. What is the tens digit of q/(5/(-15)) + 86?
8
Suppose -15 = z - 87. Suppose 0 = 6*m - 0*m - z. What is the units digit of -201*(2 + (-28)/m)?
7
Suppose -21*v = -72913 - 54473. What is the tens digit of v?
6
Let a(r) = 373*r + 5. Let w(c) = 372*c + 6. Let g(k) = -4*a(k) + 3*w(k). What is the units digit of g(-1)?
4
Suppose 49*d - 1087037 = 1381044. What is the units digit of d?
9
Suppose -3*y - 25 = -5*r, -r - 12 = 2*y - 6*y. Suppose 132 = r*g - 2*g. Suppose -1260 = -g*j + 15*j. What is the units digit of j?
0
Suppose 10*a = 14*a - 1820. Suppose -25 = 4*c + c, a = x - 4*c. What is the hundreds digit of x?
4
Let a(d) be the second derivative of d + 0 + 10/3*d**3 - 1/12*d**4 + 9*d**2. What is the tens digit of a(17)?
6
Suppose -3*k = -8*k + 25. Suppose c + 4*p = 281, k*p - 1480 = -17*c +